mon divisor of 7 and d.
1
Suppose x + a = -4, -6 = 3*x + 5*a + 2. Let u(l) = l - 3. Let k be u(x). Let q = k - -15. Calculate the greatest common divisor of 2 and q.
2
Let u(t) = 26*t - 31. Let i be u(2). What is the highest common factor of 6 and i?
3
Let v(i) = -i**2 + 9*i - 4. Let t be v(7). Let m = -1 + 3. What is the greatest common factor of t and m?
2
Suppose 3*c + 2 = 4*c. Let t be (1 - 29)/2*-1. What is the highest common divisor of t and c?
2
Suppose -5*d + 5*y = 1 - 81, 3*y = 4*d - 64. Let b be (3/(-2))/((-6)/d). Let v(x) = x + 2. Let q be v(0). What is the greatest common divisor of q and b?
2
Let b be (-3 - 0)/((-1)/1). What is the greatest common factor of 3 and b?
3
Let q(f) = 40*f**2 + f + 1. Let o be q(-1). Suppose -4*r = r - 50. Calculate the highest common factor of r and o.
10
Suppose -7*a - 5 = -26. Suppose a*k = -2*k + 10. Calculate the highest common factor of 4 and k.
2
Let b = 24 - 13. Let w be 2/b - (-768)/11. What is the highest common factor of w and 14?
14
Let n(r) = 4*r**3 - 3*r**2 + 3*r - 1. Let g be n(2). What is the greatest common divisor of 5 and g?
5
Suppose 37 = l + 10. Suppose 0 = 2*y + 25 - 295. Calculate the greatest common divisor of y and l.
27
Let s be (-4)/(-14) + 66/14. Suppose -h - 2*l = -100, -2*h = -s*l + 49 - 267. What is the greatest common divisor of 13 and h?
13
Let i(x) = x**3 - x**2. Let d be i(0). Let w be d - (-3)/(6/160). What is the greatest common factor of w and 16?
16
Suppose 0*v + v = 20. What is the greatest common divisor of 8 and v?
4
Let j = 228 - 95. Calculate the highest common factor of 19 and j.
19
Suppose 4*d - 4*p = -1340, 0 = 4*d - 2*p - p + 1340. Let h = d - -511. Suppose 55 = 5*k - 25. What is the greatest common divisor of k and h?
16
Let m be 4*1*(-22)/(-1). Let w be (1 - 1) + 5 + 0. Suppose -w*p = 5*a - 18 - 12, 5*a + 4*p - 32 = 0. Calculate the highest common factor of m and a.
8
Suppose 3*j = 0, j - 8 = -3*b - b. Suppose 0 = a - 1, -5*x = a + b*a - 633. Suppose -2*f = -0*f - 36. What is the highest common factor of f and x?
18
Suppose 2*z = 9 - 3. What is the greatest common divisor of 21 and z?
3
Let g be 1/((-2)/(-40)) + 1. Let a be (-4)/(-2 - 10/(-4)). Let w = 15 + a. What is the greatest common divisor of g and w?
7
Let p(u) = u + 5. Let m be p(12). Calculate the highest common divisor of m and 68.
17
Let k(m) = -5*m**2 + 2*m. Let r be k(2). Let o be 45/(-2)*r/6. Calculate the highest common factor of o and 20.
20
Let y be 13/(0 - 5/(-15)). What is the greatest common divisor of 195 and y?
39
Suppose 0 = -0*b - 4*b + 28. Let d(u) = u**2 - 8*u + 16. Let p be d(b). Let w be (-100)/(-12) - 2/(-3). Calculate the highest common factor of w and p.
9
Suppose 66 = 3*o - 39. What is the greatest common factor of 105 and o?
35
Suppose 0*y = -2*y + 8. Let z(x) = x**2 - 5*x - 4. Let f be z(6). What is the highest common factor of y and f?
2
Suppose -3*x = -7 - 35. Suppose 0 = -x*l + 19*l - 15. What is the highest common factor of 3 and l?
3
Suppose 5*i = 17 + 8. Suppose -2*r = -b + 8, 0*r - 20 = 5*b + i*r. Let a = 20 + b. Calculate the highest common divisor of 10 and a.
10
Let j = -2 + 8. Suppose 4*h = 9*h - 320. Suppose 5*l - 4 - j = 0, -l = -2*r + h. What is the highest common factor of 3 and r?
3
Let q be 240/20 - (-2)/(-2). Calculate the greatest common factor of q and 22.
11
Suppose -5*o + 159 = 3*a, 0 = -2*o - 3*a + 5*a + 70. Suppose 4*y = -5 + o. Calculate the greatest common divisor of 35 and y.
7
Let j be (-1964)/(-10) - 6/15. What is the greatest common divisor of 28 and j?
28
Let j(t) = 24*t**2 - 5. Let s be j(2). What is the greatest common factor of 13 and s?
13
Let q be 2 - 0/(-2) - -174. Let y be 6/(-4)*32/(-3). What is the greatest common factor of q and y?
16
Suppose 0 = -6*h + 3*h + 120. What is the greatest common divisor of h and 20?
20
Let q(r) = -r + 1. Let s be q(-13). Calculate the highest common divisor of s and 14.
14
Let q = -22 - -45. Let i = 18 + 5. Calculate the greatest common factor of i and q.
23
Let i(q) = -q**2 - 9*q - 5. Let h be i(-7). Calculate the greatest common divisor of 81 and h.
9
Let o(j) = -j**3 + 0*j**3 - 4*j**3 + 4*j**3 - 4*j + 7*j**2 + 2. Let b be o(6). Calculate the greatest common divisor of 126 and b.
14
Let l(h) = h**3 - 2*h + 1. Let q be l(1). Suppose q = u - 3*u + 10. Suppose -8*i = -u*i - 6. What is the highest common divisor of i and 4?
2
Suppose 4*h = -c + 2*c + 29, -h + 17 = 3*c. Calculate the greatest common factor of 80 and h.
8
Let v(d) = -d**3 - 5*d**2 - 3*d - 4. Let j be v(-5). Calculate the greatest common divisor of j and 1.
1
Suppose 0*w + 1 = w. Calculate the greatest common divisor of 23 and w.
1
Let c(j) = -10*j - 5*j**2 + 4 - 3*j**3 - 1 + 10*j. Let o be c(-4). Calculate the greatest common divisor of o and 46.
23
Let r = 10 - 8. Calculate the greatest common factor of r and 3.
1
Suppose -2*t = 2*p - 91 - 5, 3*p - t = 148. Suppose -41 = -2*j + 9. Let w = p - j. Calculate the highest common factor of w and 36.
12
Suppose -z = -40 - 10. Let p(h) = -2*h + 2. Let y be p(-4). Calculate the highest common factor of y and z.
10
Let c(d) = 6 - 4 - 2*d - 2*d + 3*d. Let k be c(-2). Calculate the highest common factor of k and 20.
4
Suppose x + 2*x + 93 = 3*d, x + 151 = 5*d. What is the highest common factor of 6 and d?
6
Let b be 1*9*2/3. Suppose -b*f - 5*c - 15 = -4*f, 3*f + 3*c = 0. Suppose 2*a + 3*z = 69, -4*a - f*z + 215 = 82. What is the highest common factor of a and 18?
9
Let r(w) = w**3 + 9*w**2 + 9*w + 10. Let k be r(-8). Suppose -k*g = 4*s - 352, -s + 4*s = 12. What is the highest common factor of g and 21?
21
Let q be 136/36 + 4/18. What is the highest common factor of 4 and q?
4
Suppose -3*i - 11 = -3*b - b, -2*b - 1 = 5*i. Suppose -3*f - b*f + 45 = 0. Calculate the highest common factor of 3 and f.
3
Suppose -o + 3 = 2*h - 2, -2*h - 4*o = -14. Let p be 2 - -48 - (-2)/h. What is the highest common divisor of p and 13?
13
Let q be (-2 + (-8)/(-2))*4. Let n(u) = -4*u**3 + u**2 + 3*u - u**3 + 4*u**3 - 1. Let x be n(2). What is the greatest common divisor of q and x?
1
Let h(w) = -w**3 - 7*w**2 - 7*w + 2. Let s be h(-6). Suppose -4*f + s = -8. Calculate the greatest common factor of 2 and f.
2
Let m(n) = -3*n**2 - 5 + 23*n - 9*n + 4*n**2. Let b be m(-15). Calculate the greatest common divisor of b and 100.
10
Suppose 2*x = x - 7. Let q be ((-14 - 1) + 1)*x. Calculate the greatest common divisor of q and 14.
14
Let a be (3 + -3)*(-2)/4. Let t(d) = 2*d + 7. Let y be t(a). Let c be 4/(-18) + 695/9. Calculate the greatest common divisor of y and c.
7
Suppose -18 = -2*x - 6. Let k(q) = -q**2 + 12*q - 6. Let s be k(x). Calculate the highest common divisor of 120 and s.
30
Let f = -129 - -249. What is the greatest common divisor of 15 and f?
15
Suppose 0 = -3*w - 3, 3*q + 2*w - 8 = w. Suppose q*p + 3*u + u - 40 = 0, 2*u = -5*p + 76. Calculate the greatest common factor of 112 and p.
16
Let s be 12 - 0/(-2 - 2). What is the greatest common factor of 96 and s?
12
Let m be (-464)/(-18) + (-12)/(-54). Let z = m - 15. Calculate the greatest common divisor of z and 99.
11
Suppose p - 3 = 2. Suppose -45 = -2*b + 5. Calculate the highest common divisor of b and p.
5
Suppose -i = -5*i + 12, 0 = 5*a - 2*i - 29. Calculate the highest common factor of a and 1.
1
Suppose 4*b - j = 792, -3*b + 2*j = -326 - 268. What is the greatest common divisor of 22 and b?
22
Let q(f) = f**2 + 10*f + 6. Let i be q(-10). What is the highest common factor of 12 and i?
6
Suppose 2*p = -4*k + 6, -7*p = -3*p - 12. Suppose 0 = 2*t - k*t - 44. What is the greatest common divisor of 176 and t?
22
Let r = -82 - -120. Let i = r + -24. Let k = i - 7. Calculate the greatest common divisor of 14 and k.
7
Let h = 67 + -55. Suppose 0 = 5*o - 3*o - 144. Calculate the greatest common factor of o and h.
12
Let l(g) = -g**3 - 16*g**2 - 3*g - 20. Let s be l(-16). Calculate the greatest common divisor of 7 and s.
7
Let v be (-1 + -4)/(6/8 + -1). Calculate the highest common divisor of 160 and v.
20
Suppose -3*a + 13 + 5 = 0. Let i = a - -1. Let c = 11 - i. What is the highest common divisor of 16 and c?
4
Let k be -2 - (-6)/(3 + -6). Let d = 14 + k. Calculate the greatest common factor of 4 and d.
2
Let q = 15 - -3. Suppose -g + 1 = -q. What is the highes